35*p + 799293. Let a = p + -690. Is a prime?
True
Let j(c) = -c**3 - 7*c**2 - 5. Let o(v) = v**2 + 22*v - 16. Let l be o(-23). Suppose -86 + 9 = l*u. Is j(u) prime?
True
Let x = -479 - -482. Is 17650 + 2 + -5*x/(-3) prime?
True
Let y = 1112327 - 570936. Is y composite?
False
Suppose 10*d - 159719 - 61871 = 0. Suppose 4*n - d = a, 3*a = -2*a + 25. Is n composite?
True
Suppose -4*s = 3*c - 56029, 6*c = -5*s + 2*c + 70037. Is s composite?
True
Let i = -5622 - -2019. Let t = -2516 - i. Is t a prime number?
True
Let f be 192/(((-6)/(-4))/(-1)). Let c = 123 - f. Is c composite?
False
Suppose 305 = -8*r + 4*r + g, -80 = r + g. Let w = 126 - r. Is w a composite number?
True
Suppose 58 = -2*k + 66. Suppose -3*l + 4*r - 14 = 0, 5*r - 2 = -2*l + k. Is 4/l + 2 + 523 + -2 prime?
True
Is (-8)/4 + (-1 + 9)/4 - -12643 a prime number?
False
Suppose 0 = -p - h + 25264, -5 = -2*h - 1. Let m = p - 16999. Is m a composite number?
False
Let a be (-3 - -6)/(3/7) - -3. Let v(g) = 22*g**3 - 10*g**2 - 42*g - 7. Is v(a) a composite number?
True
Suppose -5*t - 22552 + 1967 = 0. Let x = 6290 + t. Is x prime?
False
Let h = -1342268 + 2154895. Is h a prime number?
True
Let r(d) = 6*d - 14. Let t be r(3). Suppose -t*u = 5*s + 268 - 4473, 0 = 3*u. Suppose -2*g + w = -s, -4*g + w = -0*w - 1679. Is g a prime number?
True
Let v = -119 - -139. Suppose 101712 + 89548 = v*m. Is m composite?
True
Let a = -756 - -759. Suppose 0 = -k + 5, -k + a*k + 50141 = 3*f. Is f a composite number?
True
Let y(s) = 12 + 40*s**2 - 5 - 19*s + 6*s - 5. Let d(w) = 20*w**2 - 6*w + 1. Let m(i) = 5*d(i) - 2*y(i). Is m(5) composite?
True
Suppose -5*k + 4703 = 5*g - 1807, 0 = 3*g - 5*k - 3938. Suppose -3*i + g = -7133. Is i a composite number?
True
Suppose -4*s = -b - 3*s, -3*b - s = 0. Suppose z - 451 + 104 = b. Is z a composite number?
False
Is (3 + -1)*((-566990060)/104)/(-35) composite?
False
Suppose 84*h - 190295 = -u + 83*h, -2*u + 3*h = -380620. Is u prime?
True
Let o = -1105 - -1107. Suppose -1542 + 190 = n. Is 1*o - (-9 + n) prime?
False
Let b be 43 + -38 + (1 - (8 + -1)). Let y(d) = -1861*d + 32. Is y(b) a prime number?
False
Suppose -2*a - 437 = -113. Let s = -73 - a. Is s composite?
False
Suppose -58*l = -42*l - 59*l + 29789841. Is l prime?
False
Let t(q) = q**2 + 4*q + 6. Let c be t(-4). Suppose 2504 = 2*u + c*u. Let v = u - 200. Is v a composite number?
False
Suppose 0 = 3*x + 289 + 2912. Let r = x + 2428. Is r a prime number?
True
Let f be 1/4 - (724/16 - 5). Let c be (-7)/(-5) + 4/(f/(-6)). Suppose c*z + 524 = 1666. Is z a composite number?
False
Let m = -526 + 529. Suppose -5777 = -2*s - 3*y, -m*s + 8416 = -y - 244. Is s a prime number?
True
Let p(l) = l**2 - 9*l - 7. Let m be p(12). Suppose -n = 4*n + 4*k - m, -2 = -2*k. Suppose 3*a - 1190 - 305 = 2*c, -n*c = -5*a + 2485. Is a composite?
True
Let n = 326 - 324. Suppose -5*c - d = -23465, -c = n*d - 5880 + 1196. Is c a prime number?
False
Is 16/((-112)/(-5170711)) + 4 a prime number?
True
Is (-1)/(-3)*(2/(-14) - (-11768842)/301) prime?
True
Let i(m) = 5*m**2 + 8*m + 5. Suppose -16 = -2*t - o, -3*t = -4*o - 9 - 4. Let l be i(t). Let r = l - -755. Is r a composite number?
False
Let c be 68/(-6) + (-18)/81*3. Is (4366/(-4))/(6/c) a composite number?
True
Let n = 2080 + -757. Suppose -n = -4*h - 119. Is h a composite number?
True
Suppose 42587 = u + 3234*y - 3229*y, 5*u - y = 212779. Is u composite?
False
Let z = 190504 + -109973. Is z composite?
True
Let i(y) = -y**3 - 4*y**2 - 3*y + 4. Let c be i(-3). Suppose 3*s = c*k, -3*s + 8 = 2*k - 10. Is (s - (-10)/(-2))/(1/(-331)) prime?
True
Suppose 17*v - 3261334 + 480247 - 14852 = 0. Is v a composite number?
True
Let o(a) = -35*a**3 + 5*a**2 - 8*a - 19. Let u be o(4). Let y = 17772 - u. Is y prime?
False
Suppose -8*v - 661075 = -5*f - 4*v, 4*v = 20. Suppose 6*x = -49173 + f. Is x composite?
False
Let p(z) = -4*z**3 - 6*z**2 + 9*z - 10. Let l(g) = -g**3 - g + 2. Let o(n) = 3*l(n) - p(n). Suppose 0*w + 3*w + 21 = 0. Is o(w) a prime number?
False
Let l = 15 + -7. Suppose 2*i - 3*i - 5*u + 149540 = 0, -u - 4 = 0. Is l/28 + (i/(-14))/(-4) a composite number?
False
Suppose 0 = 25*h - 1588576 - 6260449. Is h composite?
False
Let q = 67412 + 954666. Is q prime?
False
Suppose 0 = 3*b - 4*h - 583485, -4*b - 205611 = -h - 983591. Suppose 7*c = 14*c - b. Is c a prime number?
False
Let r = 103968 - 35285. Is r composite?
False
Let x(z) = -62*z**2 + 9*z - 8. Let a(g) = 62*g**2 - 10*g + 7. Let r be (3 - 1)*3 - 2/2. Let q(k) = r*x(k) + 6*a(k). Is q(9) prime?
True
Let r(l) be the third derivative of -11*l**4/2 + 7*l**3/3 + 17*l**2. Let s be r(13). Let c = 2603 + s. Is c a composite number?
True
Suppose 0 = 9*h - 126*h + 979641. Is h composite?
True
Let r(p) = -413*p**3 - 2*p**2 + 16*p - 10. Let q be r(5). Let b = -27850 - q. Is b a composite number?
True
Suppose 71*v - 312831 = 4970681 + 2284449. Is v a composite number?
False
Is (50/(-125))/(14/(-15683255)) a composite number?
False
Let z = -24 - -29. Let m(d) = 23 + d**2 - z*d - 7*d - 8. Is m(-10) prime?
False
Let b(g) = 50*g**2 + 3. Let p(k) = -k**3 - 8*k**2 - 2. Let t(q) = q**3 + 9*q**2 + 3. Let j(d) = -5*p(d) - 4*t(d). Let o be j(-4). Is b(o) a composite number?
True
Suppose 402*a - 407*a = -1167809 + 148704. Is a prime?
True
Suppose n - 185523 = -q, -5*n = -1193*q + 1194*q - 927599. Is n composite?
False
Let w(g) = 1. Let k(x) = x**3 - 6*x**2 - x + 3. Let v(t) = k(t) + 4*w(t). Let h be v(6). Is h + (2046*1 - -4) composite?
True
Let s = -83 - -71. Let u be (-2 - 27)/(4/s + 0). Is 188/3*u/4 a composite number?
True
Let p = -386396 + 564937. Is p a prime number?
False
Suppose 6*q + 4564 = 2*q. Let k(l) = -1030*l + 42. Let g be k(-3). Let r = g + q. Is r a prime number?
False
Suppose -405*n - 5047108 = -449*n. Is n composite?
True
Suppose 4*l + 219 = -613. Let t(q) = -q**3 - 32*q**2 - 39*q - 43. Let y be t(-31). Let d = y - l. Is d composite?
True
Suppose 2*w - 1176 = 7722. Suppose 2*r = -2*z + 18142, -2*z - w = -4*r - 22591. Is z prime?
False
Let p = -145766 - -301369. Is p a prime number?
False
Let x = 102 - 108. Is (1 + 0 + -4)/(x/4858) a composite number?
True
Let x(l) be the first derivative of 14*l**3/3 + 5*l**2/2 - 25*l - 13. Is x(8) a composite number?
False
Suppose 2*g = 5*c - 54508, -4*g - 43611 = -4*c - 7*g. Let h = c - 4495. Is h a prime number?
False
Is (6831/115 + 4/(-10))/((-5)/(-57935)) prime?
False
Suppose n = -u + 8998, 14*n - 12*n - 2*u = 18000. Is n prime?
True
Suppose 4*o + 3*c = 28, -13*o + 17*o = -4*c + 32. Let i(m) = 4*m**3 - 2*m + 1. Let u be i(1). Suppose o*v - 581 = -u*v. Is v a prime number?
True
Suppose -653*r + 167843483 + 224438148 = 12702526. Is r a prime number?
False
Let k = -881 + 889. Suppose 4*i + 2*x = 13682, -i = k*x - 5*x - 3418. Is i a prime number?
False
Let a be (1 + 0)/(0 + 5/(-25)). Let k(i) = -30*i**3 - 5*i**2 - 3*i + 7. Let z be k(a). Suppose -r + 1233 = 4*h, h + z = 2*r + r. Is r composite?
False
Let s(h) = -7*h**2 - 8*h + 7. Let x be s(1). Let p(w) = -475*w - 74. Let a be p(x). Suppose c + 766 = -m + a, -2*m + 2963 = c. Is c a composite number?
False
Suppose -4*m + 39 = 7. Let k(o) = -o**2 - o - 1. Let l(i) = -14*i**2 - 22*i + 10. Let f(r) = 8*k(r) - l(r). Is f(m) composite?
True
Let s = -1088 - -1097. Let c(h) be the second derivative of h**5/20 + h**4/4 + 7*h**2/2 - h. Is c(s) a prime number?
False
Let w(a) = -47*a - 65. Let n be w(-10). Let g = 444 - n. Is g composite?
True
Let t = 4885 - 7105. Let u = -1331 - t. Is u composite?
True
Is (0 + (-17 - -15))*-1859434*4/16 prime?
True
Let l(s) be the second derivative of 67/3*s**3 + 10*s + 0 - 37/2*s**2. Is l(19) a prime number?
False
Suppose -18*q + 270 = -15*q. Let p = q - 1362. Let i = p + 1919. Is i composite?
False
Let s be (-8071)/(-3) + 38/57. Suppose -4*c + 3 = -9, 4*b = -5*c + s. Is b composite?
True
Let u(k) = -950*k - 280*k + 67 - 35. Is u(-3) a composite number?
True
Suppose v - 43853 = 5*d, -87722 = -17*v + 15*v + 2*d. Is v a prime number?
False
Let q(a) = a**3 + 6*a**2 + 6*a + 5. Let f be q(-5). Suppose 3*u - 2*u = -2*p + 16, -2*p - 4*u = -4. Is (f + (-716)/(-6))/(p/105) a prime number?
False
Let x(q) = q - 11. Let s be x(11). Let y be -1*(-2 - s) - (-1 - -1). Suppose -5985 = -4*a - 3*r + 5759, 5*r = -y*a + 5858. Is a a composite number?
False
Supp